{"id":51,"date":"2017-10-12T19:44:56","date_gmt":"2017-10-12T17:44:56","guid":{"rendered":"http:\/\/hidayetkorkmaz.com\/?page_id=51"},"modified":"2023-11-16T10:26:21","modified_gmt":"2023-11-16T08:26:21","slug":"malimusavirlik","status":"publish","type":"page","link":"https:\/\/hidayetkorkmaz.com\/index.php\/malimusavirlik\/","title":{"rendered":"Mali M\u00fc\u015favirlik"},"content":{"rendered":"<p>[et_pb_section transparent_background=&#8221;off&#8221; allow_player_pause=&#8221;off&#8221; inner_shadow=&#8221;off&#8221; parallax=&#8221;off&#8221; parallax_method=&#8221;on&#8221; padding_mobile=&#8221;off&#8221; make_fullwidth=&#8221;off&#8221; use_custom_width=&#8221;off&#8221; width_unit=&#8221;off&#8221; custom_width_px=&#8221;1080px&#8221; custom_width_percent=&#8221;80%&#8221; make_equal=&#8221;off&#8221; use_custom_gutter=&#8221;off&#8221; fullwidth=&#8221;off&#8221; specialty=&#8221;off&#8221; admin_label=&#8221;section&#8221; disabled=&#8221;off&#8221;][et_pb_row make_fullwidth=&#8221;off&#8221; use_custom_width=&#8221;off&#8221; width_unit=&#8221;off&#8221; custom_width_px=&#8221;1080px&#8221; custom_width_percent=&#8221;80%&#8221; use_custom_gutter=&#8221;off&#8221; gutter_width=&#8221;3&#8243; padding_mobile=&#8221;off&#8221; allow_player_pause=&#8221;off&#8221; parallax=&#8221;off&#8221; parallax_method=&#8221;on&#8221; make_equal=&#8221;off&#8221; column_padding_mobile=&#8221;on&#8221; parallax_1=&#8221;off&#8221; parallax_method_1=&#8221;on&#8221; parallax_2=&#8221;off&#8221; parallax_method_2=&#8221;on&#8221; parallax_3=&#8221;off&#8221; parallax_method_3=&#8221;on&#8221; parallax_4=&#8221;off&#8221; parallax_method_4=&#8221;on&#8221; admin_label=&#8221;row&#8221; disabled=&#8221;off&#8221;][et_pb_column type=&#8221;4_4&#8243; disabled=&#8221;off&#8221; parallax=&#8221;off&#8221; parallax_method=&#8221;on&#8221; column_padding_mobile=&#8221;on&#8221;][et_pb_accordion disabled_on=&#8221;off|off|off&#8221; admin_label=&#8221;Hidayet KORKMAZ&#8221; toggle_font_size=&#8221;21px&#8221; toggle_text_color=&#8221;#0c71c3&#8243; toggle_letter_spacing=&#8221;1px&#8221; toggle_line_height=&#8221;1.5em&#8221; body_text_color=&#8221;#000000&#8243; body_line_height=&#8221;1.8em&#8221; use_border_color=&#8221;on&#8221; border_color=&#8221;#ffffff&#8221; border_width=&#8221;1px&#8221; border_style=&#8221;solid&#8221; disabled=&#8221;off&#8221;][et_pb_accordion_item title=&#8221;Mali M\u00fc\u015favirlik Hizmetlerimiz&#8221; open=&#8221;on&#8221; use_border_color=&#8221;off&#8221; border_color=&#8221;#ffffff&#8221; border_width=&#8221;1px&#8221; border_style=&#8221;solid&#8221; disabled=&#8221;off&#8221;]<\/p>\n<ul>\n<li>Giri\u015fimci talebi do\u011frultusunda faaliyet g&ouml;sterilecek sekt&ouml;r ve pazara uygun \u015firket kurulu\u015fu ve &ouml;rg&uuml;tleneme sa\u011flamak,<\/li>\n<li>Yerli ve Yabanc\u0131 \u015firketlerin Tek D&uuml;zen Hesap Plan\u0131na g&ouml;re ve T&uuml;rk Mevzuat\u0131na g&ouml;re defterlerinin tutulmas\u0131, yap\u0131lan muhasebe kay\u0131tlar\u0131 ile olu\u015fturaca\u011f\u0131m\u0131z veri taban\u0131ndan firma y&ouml;neticilerimizin ihtiyac\u0131na y&ouml;nelik yorumlar\u0131 yaparak, analiz ve raporlamalar ile firmalar\u0131m\u0131z\u0131n verimlili\u011fini artt\u0131rmak,<\/li>\n<li>Muhasebe ve raporlama sistemini incelemek ve geli\u015ftirmek,<\/li>\n<li>Firmalar\u0131n g&uuml;n&uuml;m&uuml;z d&uuml;nyas\u0131ndaki h\u0131zla geli\u015fen teknolojiye ve ba\u015fta Gelir \u0130daresi Ba\u015fkanl\u0131\u011f\u0131 ile di\u011fer kurum ve kurulu\u015flar\u0131n e-d&ouml;n&uuml;\u015f&uuml;m s&uuml;re&ccedil;lerine uyum sa\u011flamak,<\/li>\n<li>Firmalar\u0131m\u0131z\u0131n sekt&ouml;rel yap\u0131lar\u0131na g&ouml;re proje, &uuml;r&uuml;n vb. bazlarda maliyet analizleri geli\u015ftirme,<\/li>\n<li>Firmalar\u0131m\u0131z\u0131n olu\u015fan mali verilerini analiz ederek tespit ve &ouml;nerilerde bulunmak,<\/li>\n<li>Firmalar\u0131m\u0131z\u0131n faaliyet alanlar\u0131na g&ouml;re en verimli analiz ve raporlamalar\u0131 elde edebilece\u011fimiz \u015fekilde muhasebe sisteminin kurulmas\u0131 ve firma verilerinin bu sisteme en do\u011fru \u015fekilde kaydedilmesi,<\/li>\n<li>Grup \u015firketleri bulunan Firmalar\u0131m\u0131z\u0131n konsolide olarak&nbsp;mali tablolar\u0131n Gelir \u0130daresi ve Finans kurulu\u015flar\u0131na y&ouml;nelik&nbsp;haz\u0131rlanmas\u0131 ve y&ouml;netime rapor edilerek de\u011ferlendirilmesini sa\u011flamak,<\/li>\n<li>Muhasebe kay\u0131tlar\u0131n\u0131n vergi, sgk ve di\u011fer kanunlara uygunlu\u011funun kontrol edilmesi,<\/li>\n<li>Muhasebe kay\u0131tlar\u0131n\u0131n kontrol&uuml; sonras\u0131 olu\u015fan veri taban\u0131ndan firmalar\u0131m\u0131z\u0131n yap\u0131s\u0131na g&ouml;re raporlar sunularak y&ouml;neticilerin karar verme h\u0131z\u0131n\u0131 artt\u0131rmak,<\/li>\n<li>Firmalar\u0131m\u0131z\u0131n faaliyet alanlar\u0131na ve genel yap\u0131lar\u0131na uygun s&uuml;rekli raporlama sistemi olu\u015fturmak,<\/li>\n<li>Firmalar\u0131m\u0131z\u0131n kamu kurum ve kurulu\u015flar\u0131na kar\u015f\u0131 sosyal g&uuml;venlik ve vergisel y&uuml;k&uuml;ml&uuml;l&uuml;klerini yerine getirmesini sa\u011flamak,<\/li>\n<li>Vergi dan\u0131\u015fmanl\u0131\u011f\u0131,<\/li>\n<li>Kurum kazan&ccedil;lar\u0131n\u0131n vergilendirilmesi,<\/li>\n<li>Ticari kazan&ccedil;lar\u0131n (Gelir Vergisi) vergilendirilmesi,<\/li>\n<li>Gayrimenkul ve sermaye gelirlerinin vergilendirilmesi,<\/li>\n<li>Menkul sermaye gelirlerinin vergilendirilmesi,<\/li>\n<li>Vergi, Ticaret ve \u0130\u015f Hukuku konular\u0131nda bilirki\u015filik hizmeti verilmesi,<\/li>\n<\/ul>\n<p>[\/et_pb_accordion_item][\/et_pb_accordion][\/et_pb_column][\/et_pb_row][\/et_pb_section]<\/p>\n","protected":false},"excerpt":{"rendered":"<p>[et_pb_section transparent_background=&#8221;off&#8221; allow_player_pause=&#8221;off&#8221; inner_shadow=&#8221;off&#8221; parallax=&#8221;off&#8221; parallax_method=&#8221;on&#8221; padding_mobile=&#8221;off&#8221; make_fullwidth=&#8221;off&#8221; use_custom_width=&#8221;off&#8221; width_unit=&#8221;off&#8221; custom_width_px=&#8221;1080px&#8221; custom_width_percent=&#8221;80%&#8221; make_equal=&#8221;off&#8221; use_custom_gutter=&#8221;off&#8221; fullwidth=&#8221;off&#8221; specialty=&#8221;off&#8221; admin_label=&#8221;section&#8221; disabled=&#8221;off&#8221;][et_pb_row make_fullwidth=&#8221;off&#8221; use_custom_width=&#8221;off&#8221; width_unit=&#8221;off&#8221; custom_width_px=&#8221;1080px&#8221; custom_width_percent=&#8221;80%&#8221; use_custom_gutter=&#8221;off&#8221; gutter_width=&#8221;3&#8243; padding_mobile=&#8221;off&#8221; allow_player_pause=&#8221;off&#8221; parallax=&#8221;off&#8221; parallax_method=&#8221;on&#8221; make_equal=&#8221;off&#8221; column_padding_mobile=&#8221;on&#8221; parallax_1=&#8221;off&#8221; parallax_method_1=&#8221;on&#8221; parallax_2=&#8221;off&#8221; parallax_method_2=&#8221;on&#8221; parallax_3=&#8221;off&#8221; parallax_method_3=&#8221;on&#8221; parallax_4=&#8221;off&#8221; parallax_method_4=&#8221;on&#8221; admin_label=&#8221;row&#8221; disabled=&#8221;off&#8221;][et_pb_column type=&#8221;4_4&#8243; disabled=&#8221;off&#8221; parallax=&#8221;off&#8221; parallax_method=&#8221;on&#8221; column_padding_mobile=&#8221;on&#8221;][et_pb_accordion disabled_on=&#8221;off|off|off&#8221; admin_label=&#8221;Hidayet KORKMAZ&#8221; toggle_font_size=&#8221;21px&#8221; toggle_text_color=&#8221;#0c71c3&#8243; toggle_letter_spacing=&#8221;1px&#8221; toggle_line_height=&#8221;1.5em&#8221; body_text_color=&#8221;#000000&#8243; body_line_height=&#8221;1.8em&#8221; [&hellip;]<\/p>\n","protected":false},"author":1,"featured_media":0,"parent":0,"menu_order":0,"comment_status":"closed","ping_status":"closed","template":"","meta":{"footnotes":""},"class_list":["post-51","page","type-page","status-publish","hentry"],"_links":{"self":[{"href":"https:\/\/hidayetkorkmaz.com\/index.php\/wp-json\/wp\/v2\/pages\/51","targetHints":{"allow":["GET"]}}],"collection":[{"href":"https:\/\/hidayetkorkmaz.com\/index.php\/wp-json\/wp\/v2\/pages"}],"about":[{"href":"https:\/\/hidayetkorkmaz.com\/index.php\/wp-json\/wp\/v2\/types\/page"}],"author":[{"embeddable":true,"href":"https:\/\/hidayetkorkmaz.com\/index.php\/wp-json\/wp\/v2\/users\/1"}],"replies":[{"embeddable":true,"href":"https:\/\/hidayetkorkmaz.com\/index.php\/wp-json\/wp\/v2\/comments?post=51"}],"version-history":[{"count":10,"href":"https:\/\/hidayetkorkmaz.com\/index.php\/wp-json\/wp\/v2\/pages\/51\/revisions"}],"predecessor-version":[{"id":191,"href":"https:\/\/hidayetkorkmaz.com\/index.php\/wp-json\/wp\/v2\/pages\/51\/revisions\/191"}],"wp:attachment":[{"href":"https:\/\/hidayetkorkmaz.com\/index.php\/wp-json\/wp\/v2\/media?parent=51"}],"curies":[{"name":"wp","href":"https:\/\/api.w.org\/{rel}","templated":true}]}}