{"id":93,"date":"2017-11-23T19:22:38","date_gmt":"2017-11-23T17:22:38","guid":{"rendered":"http:\/\/hidayetkorkmaz.com\/?page_id=93"},"modified":"2023-11-16T10:26:21","modified_gmt":"2023-11-16T08:26:21","slug":"finansaldanismanlik","status":"publish","type":"page","link":"https:\/\/hidayetkorkmaz.com\/index.php\/finansaldanismanlik\/","title":{"rendered":"Finansal Dan\u0131\u015fmanl\u0131k"},"content":{"rendered":"<p>[et_pb_section transparent_background=&#8221;off&#8221; allow_player_pause=&#8221;off&#8221; inner_shadow=&#8221;off&#8221; parallax=&#8221;off&#8221; parallax_method=&#8221;on&#8221; padding_mobile=&#8221;off&#8221; make_fullwidth=&#8221;off&#8221; use_custom_width=&#8221;off&#8221; width_unit=&#8221;off&#8221; custom_width_px=&#8221;1080px&#8221; custom_width_percent=&#8221;80%&#8221; make_equal=&#8221;off&#8221; use_custom_gutter=&#8221;off&#8221; fullwidth=&#8221;off&#8221; specialty=&#8221;off&#8221; admin_label=&#8221;section&#8221; disabled=&#8221;off&#8221;][et_pb_row make_fullwidth=&#8221;off&#8221; use_custom_width=&#8221;off&#8221; width_unit=&#8221;off&#8221; custom_width_px=&#8221;1080px&#8221; custom_width_percent=&#8221;80%&#8221; use_custom_gutter=&#8221;off&#8221; gutter_width=&#8221;3&#8243; padding_mobile=&#8221;off&#8221; allow_player_pause=&#8221;off&#8221; parallax=&#8221;off&#8221; parallax_method=&#8221;on&#8221; make_equal=&#8221;off&#8221; column_padding_mobile=&#8221;on&#8221; parallax_1=&#8221;off&#8221; parallax_method_1=&#8221;on&#8221; parallax_2=&#8221;off&#8221; parallax_method_2=&#8221;on&#8221; parallax_3=&#8221;off&#8221; parallax_method_3=&#8221;on&#8221; parallax_4=&#8221;off&#8221; parallax_method_4=&#8221;on&#8221; admin_label=&#8221;row&#8221; disabled=&#8221;off&#8221;][et_pb_column type=&#8221;4_4&#8243; disabled=&#8221;off&#8221; parallax=&#8221;off&#8221; parallax_method=&#8221;on&#8221; column_padding_mobile=&#8221;on&#8221;][et_pb_accordion disabled_on=&#8221;off|off|off&#8221; admin_label=&#8221;Hidayet KORKMAZ&#8221; toggle_font_size=&#8221;21px&#8221; toggle_text_color=&#8221;#0c71c3&#8243; toggle_letter_spacing=&#8221;1px&#8221; toggle_line_height=&#8221;1.5em&#8221; body_text_color=&#8221;#000000&#8243; body_line_height=&#8221;1.8em&#8221; use_border_color=&#8221;on&#8221; border_color=&#8221;#ffffff&#8221; border_width=&#8221;1px&#8221; border_style=&#8221;solid&#8221; disabled=&#8221;off&#8221;][et_pb_accordion_item title=&#8221;Finansal Dan\u0131\u015fmanl\u0131k Hizmetlerimiz&#8221; open=&#8221;on&#8221; use_border_color=&#8221;off&#8221; border_color=&#8221;#ffffff&#8221; border_width=&#8221;1px&#8221; border_style=&#8221;solid&#8221; disabled=&#8221;off&#8221;]<\/p>\n<ul>\n<li>Bu alanda Varl\u0131klar\u0131n\u0131z\u0131n ve Y&uuml;k&uuml;ml&uuml;l&uuml;klerinizin optimum uyumunu hedefliyoruz.<\/li>\n<li>Finans kurulu\u015flar\u0131n\u0131n ve Gelir \u0130daresi Ba\u015fkanl\u0131\u011f\u0131&rsquo; n\u0131n &uuml;&ccedil;er ayl\u0131k d&ouml;nemlerde talep etmekte oldu\u011fu&nbsp;mali veriler ve tan\u0131t\u0131m raporlar\u0131n\u0131 g&uuml;&ccedil;l&uuml; muhasebe ve finansal altyap\u0131m\u0131zla en do\u011fru \u015fekilde d&uuml;zenleyerek firmalar\u0131m\u0131z\u0131n kendilerini do\u011fru tan\u0131tmas\u0131na katk\u0131 sa\u011flamak,<\/li>\n<li>Firmalar\u0131m\u0131z\u0131n bankalar ve di\u011fer finansal kurulu\u015flarla olan ili\u015fkilerinin do\u011fru zemin &uuml;zerinde kurulmas\u0131n\u0131, firmalar\u0131m\u0131z\u0131n yap\u0131s\u0131 ve faaliyetlerinin do\u011fru tan\u0131t\u0131lmas\u0131n\u0131 ve ili\u015fkilerin s&uuml;reklili\u011fini sa\u011flayarak g&uuml;venilirli\u011fini artt\u0131rmak,<\/li>\n<li>Firmalar\u0131m\u0131z i&ccedil;in t&uuml;m finansal konularda anl\u0131k ileti\u015fim olana\u011f\u0131 sa\u011flamak,<\/li>\n<li>Firmalar\u0131m\u0131z\u0131n olu\u015fan mali verilerini&nbsp;analiz ederek tespit ve &ouml;nerilerde bulunmak,<\/li>\n<li>Firmalar\u0131m\u0131z\u0131n muhasebe ve finansal yap\u0131lar\u0131n\u0131n inceleyerek eksiklerin tespit edilmesi, y&ouml;netime raporlanmas\u0131 ve gerekli m&uuml;dahalelerin yap\u0131lmas\u0131,<\/li>\n<li>Muhasebe ve raporlama sistemini incelemek ve geli\u015ftirmek,<\/li>\n<li>Firmalar\u0131m\u0131z\u0131n sekt&ouml;rel yap\u0131lar\u0131na g&ouml;re proje, &uuml;r&uuml;n vb. bazlarda maliyet analizleri geli\u015ftirme,<\/li>\n<li>Firmalar\u0131m\u0131z\u0131n mali tablolar\u0131n\u0131n Gelir \u0130daresi ve Finans kurulu\u015flar\u0131na y&ouml;nelik&nbsp;haz\u0131rlanmas\u0131 ve y&ouml;netime rapor edilerek de\u011ferlendirilmesini sa\u011flamak,<\/li>\n<li>Grup \u015firketleri bulunan Firmalar\u0131m\u0131z\u0131n konsolide olarak&nbsp;mali tablolar\u0131n Gelir \u0130daresi ve Finans kurulu\u015flar\u0131na y&ouml;nelik&nbsp;haz\u0131rlanmas\u0131 ve y&ouml;netime rapor edilerek de\u011ferlendirilmesini sa\u011flamak,<\/li>\n<li>Faaliyetlerinizin devaml\u0131l\u0131\u011f\u0131n\u0131 sa\u011flayabilmeniz i&ccedil;in ihtiya&ccedil; duydu\u011funuz varl\u0131klar\u0131, en do\u011fru kaynak yap\u0131s\u0131 ile finanse edilmesini sa\u011flamak,<\/li>\n<li>D&ouml;nemsel takipler ve nakit ak\u0131\u015f\u0131n\u0131 takip ederek risk analizi yap\u0131lmas\u0131 ve olu\u015fabilecek risklere kar\u015f\u0131l\u0131k finansal &ouml;nlemlerin al\u0131nmas\u0131n\u0131 sa\u011flamak,<\/li>\n<li>Firmalar\u0131m\u0131za en uygun finansal ara&ccedil;lar\u0131 belirlemek ve bu do\u011frultuda finansal y&uuml;k&uuml;n hafiflemesini sa\u011flamak,<\/li>\n<li>Firmalar\u0131m\u0131z\u0131n bankalar ve kredi kurulu\u015flar\u0131ndaki limitlerini takip edip en verimli noktaya ta\u015f\u0131y\u0131p minimum teminatl\u0131 kaynak yaratarak firmalar\u0131m\u0131z\u0131n kapasitelerini artt\u0131rmak ve bu do\u011frultuda maksimum kara ula\u015ft\u0131rmak.<\/li>\n<li>Proje baz\u0131nda proje finansman planlamas\u0131 en etkin finansman yolunun belirlenmesi ve banka ve kredi kurulu\u015flar\u0131na sunum,<\/li>\n<li>Proje fizibilitelerinin haz\u0131rlanmas\u0131 ve proje finansman kaynaklar\u0131n\u0131n belirlenmesi,<\/li>\n<li>Vergi, Ticaret ve \u0130\u015f Hukuku konular\u0131nda bilirki\u015filik hizmeti verilmesi,<\/li>\n<\/ul>\n<p>[\/et_pb_accordion_item][\/et_pb_accordion][\/et_pb_column][\/et_pb_row][\/et_pb_section]<\/p>\n","protected":false},"excerpt":{"rendered":"<p>[et_pb_section transparent_background=&#8221;off&#8221; allow_player_pause=&#8221;off&#8221; inner_shadow=&#8221;off&#8221; parallax=&#8221;off&#8221; parallax_method=&#8221;on&#8221; padding_mobile=&#8221;off&#8221; make_fullwidth=&#8221;off&#8221; use_custom_width=&#8221;off&#8221; width_unit=&#8221;off&#8221; custom_width_px=&#8221;1080px&#8221; custom_width_percent=&#8221;80%&#8221; make_equal=&#8221;off&#8221; use_custom_gutter=&#8221;off&#8221; fullwidth=&#8221;off&#8221; specialty=&#8221;off&#8221; admin_label=&#8221;section&#8221; disabled=&#8221;off&#8221;][et_pb_row make_fullwidth=&#8221;off&#8221; use_custom_width=&#8221;off&#8221; width_unit=&#8221;off&#8221; custom_width_px=&#8221;1080px&#8221; custom_width_percent=&#8221;80%&#8221; use_custom_gutter=&#8221;off&#8221; gutter_width=&#8221;3&#8243; padding_mobile=&#8221;off&#8221; allow_player_pause=&#8221;off&#8221; parallax=&#8221;off&#8221; parallax_method=&#8221;on&#8221; make_equal=&#8221;off&#8221; column_padding_mobile=&#8221;on&#8221; parallax_1=&#8221;off&#8221; parallax_method_1=&#8221;on&#8221; parallax_2=&#8221;off&#8221; parallax_method_2=&#8221;on&#8221; parallax_3=&#8221;off&#8221; parallax_method_3=&#8221;on&#8221; parallax_4=&#8221;off&#8221; parallax_method_4=&#8221;on&#8221; admin_label=&#8221;row&#8221; disabled=&#8221;off&#8221;][et_pb_column type=&#8221;4_4&#8243; disabled=&#8221;off&#8221; parallax=&#8221;off&#8221; parallax_method=&#8221;on&#8221; column_padding_mobile=&#8221;on&#8221;][et_pb_accordion disabled_on=&#8221;off|off|off&#8221; admin_label=&#8221;Hidayet KORKMAZ&#8221; toggle_font_size=&#8221;21px&#8221; toggle_text_color=&#8221;#0c71c3&#8243; toggle_letter_spacing=&#8221;1px&#8221; toggle_line_height=&#8221;1.5em&#8221; body_text_color=&#8221;#000000&#8243; body_line_height=&#8221;1.8em&#8221; [&hellip;]<\/p>\n","protected":false},"author":1,"featured_media":0,"parent":0,"menu_order":0,"comment_status":"closed","ping_status":"closed","template":"","meta":{"footnotes":""},"class_list":["post-93","page","type-page","status-publish","hentry"],"_links":{"self":[{"href":"https:\/\/hidayetkorkmaz.com\/index.php\/wp-json\/wp\/v2\/pages\/93","targetHints":{"allow":["GET"]}}],"collection":[{"href":"https:\/\/hidayetkorkmaz.com\/index.php\/wp-json\/wp\/v2\/pages"}],"about":[{"href":"https:\/\/hidayetkorkmaz.com\/index.php\/wp-json\/wp\/v2\/types\/page"}],"author":[{"embeddable":true,"href":"https:\/\/hidayetkorkmaz.com\/index.php\/wp-json\/wp\/v2\/users\/1"}],"replies":[{"embeddable":true,"href":"https:\/\/hidayetkorkmaz.com\/index.php\/wp-json\/wp\/v2\/comments?post=93"}],"version-history":[{"count":6,"href":"https:\/\/hidayetkorkmaz.com\/index.php\/wp-json\/wp\/v2\/pages\/93\/revisions"}],"predecessor-version":[{"id":190,"href":"https:\/\/hidayetkorkmaz.com\/index.php\/wp-json\/wp\/v2\/pages\/93\/revisions\/190"}],"wp:attachment":[{"href":"https:\/\/hidayetkorkmaz.com\/index.php\/wp-json\/wp\/v2\/media?parent=93"}],"curies":[{"name":"wp","href":"https:\/\/api.w.org\/{rel}","templated":true}]}}